468289?
8
What is the millions digit of 1066443?
1
What is the ten thousands digit of 23344?
2
What is the units digit of 706199?
9
What is the hundreds digit of 44171808?
8
What is the hundred thousands digit of 1274885?
2
What is the ten millions digit of 12513186?
1
What is the tens digit of 1117384?
8
What is the ten thousands digit of 1806960?
0
What is the tens digit of 492797?
9
What is the thousands digit of 2993232?
3
What is the tens digit of 376480?
8
What is the hundreds digit of 685008?
0
What is the units digit of 16259795?
5
What is the hundreds digit of 7899094?
0
What is the ten thousands digit of 490166?
9
What is the thousands digit of 895285?
5
What is the ten thousands digit of 241539?
4
What is the thousands digit of 346309?
6
What is the ten millions digit of 21536567?
2
What is the millions digit of 15669530?
5
What is the tens digit of 767330?
3
What is the thousands digit of 11297143?
7
What is the tens digit of 1935440?
4
What is the units digit of 733672?
2
What is the hundred thousands digit of 2623388?
6
What is the hundred thousands digit of 503192?
5
What is the units digit of 687164?
4
What is the hundred thousands digit of 2005238?
0
What is the ten thousands digit of 19030349?
3
What is the units digit of 2365165?
5
What is the hundreds digit of 221659?
6
What is the tens digit of 129451?
5
What is the millions digit of 1818588?
1
What is the hundreds digit of 9198249?
2
What is the tens digit of 206309?
0
What is the hundred thousands digit of 2914901?
9
What is the units digit of 4048201?
1
What is the thousands digit of 558031?
8
What is the tens digit of 26593042?
4
What is the ten thousands digit of 15982905?
8
What is the units digit of 1276014?
4
What is the units digit of 432761?
1
What is the tens digit of 164105?
0
What is the tens digit of 215761?
6
What is the ten thousands digit of 93947?
9
What is the millions digit of 3285810?
3
What is the millions digit of 8579747?
8
What is the tens digit of 446791?
9
What is the hundreds digit of 4051895?
8
What is the ten thousands digit of 546702?
4
What is the tens digit of 3508?
0
What is the ten thousands digit of 2740721?
4
What is the tens digit of 15145192?
9
What is the tens digit of 378802?
0
What is the ten thousands digit of 553712?
5
What is the hundred thousands digit of 2954042?
9
What is the hundreds digit of 176352?
3
What is the hundred thousands digit of 608663?
6
What is the tens digit of 263554?
5
What is the tens digit of 571594?
9
What is the tens digit of 13843005?
0
What is the hundreds digit of 204157?
1
What is the hundred thousands digit of 196991?
1
What is the thousands digit of 84981?
4
What is the ten thousands digit of 155118?
5
What is the hundred thousands digit of 1008874?
0
What is the hundreds digit of 678680?
6
What is the hundred thousands digit of 844445?
8
What is the thousands digit of 2818859?
8
What is the hundreds digit of 11499810?
8
What is the hundred thousands digit of 3516187?
5
What is the hundred thousands digit of 1452001?
4
What is the hundreds digit of 5586278?
2
What is the units digit of 70807?
7
What is the units digit of 4214483?
3
What is the thousands digit of 7782949?
2
What is the hundreds digit of 7451911?
9
What is the millions digit of 13805606?
3
What is the hundreds digit of 1479573?
5
What is the thousands digit of 60943?
0
What is the ten thousands digit of 10562065?
6
What is the hundred thousands digit of 357232?
3
What is the hundreds digit of 300131?
1
What is the units digit of 848076?
6
What is the hundred thousands digit of 881645?
8
What is the hundreds digit of 1308312?
3
What is the hundreds digit of 6123289?
2
What is the hundreds digit of 3624593?
5
What is the hundreds digit of 342407?
4
What is the hundreds digit of 868691?
6
What is the thousands digit of 245092?
5
What is the thousands digit of 215606?
5
What is the ten thousands digit of 14922244?
2
What is the thousands digit of 85779?
5
What is the ten thousands digit of 12107899?
0
What is the units digit of 1168734?
4
What is the thousands digit of 14769?
4
What is the ten millions digit of 14594398?
1
What is the thousands digit of 676116?
6
What is the ten thousands digit of 226690?
2
What is the tens digit of 2186700?
0
What is the units digit of 1038725?
5
What is the thousands digit of 256466?
6
What is the units digit of 68541?
1
What is the millions digit of 5495753?
5
What is the tens digit of 2248575?
7
What is the units digit of 14259417?
7
What is the tens digit of 1169483?
8
What is the thousands digit of 290887?
0
What is the millions digit of 8861936?
8
What is the tens digit of 16792?
9
What is the tens digit of 25839296?
9
What is the hundreds digit of 1717593?
5
What is the tens digit of 4798397?
9
What is the ten thousands digit of 254330?
5
What is the thousands digit of 382497?
2
What is the tens digit of 1514303?
0
What is the units digit of 362246?
6
What is the tens digit of 1777714?
1
What is the thousands digit of 23517710?
7
What is the ten thousands digit of 2529575?
2
What is the ten thousands digit of 2126128?
2
What is the ten thousands digit of 3195655?
9
What is the thousands digit of 531714?
1
What is the units digit of 8915440?
0
What is the thousands digit of 1412500?
2
What is the hundred thousands digit of 327051?
3
What is the hundred thousands digit of 342433?
3
What is the units digit of 2391095?
5
What is the units digit of 6123004?
4
What is the units digit of 1238830?
0
What is the units digit of 1791798?
8
What is the hundred thousands digit of 2580505?
5
What is the units digit of 73321?
1
What is the units digit of 203277?
7
What is the thousands digit of 60573?
0
What is the hundreds digit of 2405987?
9
What is the units digit of 220387?
7
What is the units digit of 737142?
2
What is the units digit of 16375537?
7
What is the ten thousands digit of 75304?
7
What is the hundreds digit of 1431584?
5
What is the hundred thousands digit of 2343932?
3
What is the hundred thousands digit of 890371?
8
What is the units digit of 2346123?
3
What is the tens digit of 150954?
5
What is the hundred thousands digit of 8510154?
5
What is the units digit of 177948?
8
What is the thousands digit of 6750405?
0
What is the hundred thousands digit of 2574674?
5
What is the units digit of 34739509?
9
What is the ten thousands digit of 3834151?
3
What is the thousands digit of 21501302?
1
What is the tens digit of 134578?
7
What is the thousands digit of 156152?
6
What is the thousands digit of 2873635?
3
What is the thousands digit of 1134468?
4
What is the hundred thousands digit of 1204861?
2
What is the tens digit of 2495464?
6
What is the thousands digit of 3791822?
1
What is the tens digit of 405654?
5
What is the hundreds digit of 38927012?
0
What is the hundreds digit of 9793536?
5
What is the thousands digit of 405885?
5
What is the tens digit of 94484?
8
What is the thousands digit of 287919?
7
What is the units digit of 275221?
1
What is the units digit of 906587?
7
What is the hundreds digit of 2422115?
1
What is the hundred thousands digit of 1224492?
2
What is the tens digit of 222047?
4
What is the thousands digit of 769411?
9
What is the millions digit of 1131638?
1
What is the hundred thousands digit of 7030353?
0
What is the units digit of 96701?
1
What is the millions digit of 13814948?
3
What is the thousands digit of 1720992?
0
What is the ten thousands digit of 189301?
8
What is the units digit of 28769119?
9
What is the thousands digit of 40576?
0
What is the hundred thousands digit of 21704031?
7
What is the hundred thousands digit of 173891?
1
What is the ten thousands digit of 1256248?
5
What is the hundreds digit of 8576370?
3
What is the thousands digit of 2525218?
5
What is the thousands digit of 577752?
7
What is the hundreds digit of 392703?
7
What is the tens digit of 3022696?
9
What is the units digit of 2064625?
5
What is the units digit of 508561?
1
What is the hundred thousands digit of 450297?
4
What is the thousands digit of 439207?
9
What is the hundreds digit of 11280943?
9
What is the ten thousands digit of 1652883?
5
What is the thousands digit of 505709?
5
What is the tens digit of 277979?
7
What is the ten thousands digit of 321087?
2
What is 